e prime factors of m.
2, 229
Let b(f) = -8*f**2 - 839*f + 45. List the prime factors of b(-69).
2, 3, 827
Suppose 90818 + 294980 = -39*h + 1908280. What are the prime factors of h?
2, 131, 149
Suppose 2*v - z = 24, 0*v + 3*z + 60 = 5*v. Let o(m) = 12*m**2 + 15 + 129*m**3 + v*m + 5*m**2 - 128*m**3. List the prime factors of o(-16).
79
Let v(f) = 1002*f + 2019. What are the prime factors of v(14)?
3, 1783
List the prime factors of 2*2/4*129150/(700/28).
2, 3, 7, 41
Let h = 157 + -211. Let v = h - -369. List the prime factors of v.
3, 5, 7
Let z = -991 + 1521. List the prime factors of z.
2, 5, 53
Let o = 86225 - 22835. List the prime factors of o.
2, 3, 5, 2113
Let r be (-14)/(-56) + (0 - 230/(-8)). Suppose -4*z - f + 116 = 0, 2*z = z + 2*f + r. What are the prime factors of z - ((-1)/(-1))/(6/(-18))?
2
Let w = -6985 + 11021. List the prime factors of w.
2, 1009
Suppose 3*y = d - y + 268, 4*y = 8. Let x be 10 + -5 - (-1 - -7). List the prime factors of x/(0 + 5/d).
2, 13
Let o(k) = 10*k**2 + 5*k + 177. List the prime factors of o(-20).
3, 151
Suppose 57*k - 59*k = -260. Suppose s = -3*s + 16, 4*a - 324 = -s. Let c = k - a. List the prime factors of c.
2, 5
List the prime factors of (-593)/(13/39*-1).
3, 593
Let f(h) = -h**3 + 17*h**2 + 38*h + 5. Let w be f(19). Let n be ((-6)/6)/((w/(-4))/5). Let p(q) = 36*q + 7. List the prime factors of p(n).
151
Let m = 1858 + -112. Suppose -3*k = -k + 2*s - m, 3*s + 2649 = 3*k. List the prime factors of k.
2, 439
Suppose 13*v - 10*v = -14*v + 997407. List the prime factors of v.
3, 41, 53
Let u = 34691 + -21434. What are the prime factors of u?
3, 491
Suppose 2*c = 2*s - 11144, 10*s - 12*s + 11159 = 3*c. What are the prime factors of s?
5, 223
Let w(a) = 1046*a - 4. Let t be w(1). Let p = -692 + t. List the prime factors of p.
2, 5, 7
Let m be (-19821)/(-9) - 8/(-12). Suppose -4*b + v = -m, -3*b - v = -b - 1103. What are the prime factors of b?
19, 29
Let t = -20 + 261. Suppose 3*x - t = 8. Suppose y - 13 - x = 0. What are the prime factors of y?
2, 3
Let z be (421/(-3))/(1/(-21)). Suppose -161*j - z = -168*j. What are the prime factors of j?
421
Suppose 391 = -3*k - 83. Let w = -38 - k. Suppose 29*t = 28*t + w. List the prime factors of t.
2, 3, 5
Let a(u) = -u**3 + 8*u**2 + 2. Suppose 67 - 3 = 8*j. Let v be a(j). Suppose 2*x - v*f - 214 = 0, 0 = -2*x + x - 4*f + 97. What are the prime factors of x?
3, 5, 7
Let m = -28 + 30. Let c be (m + 0)*24/6. Let l = 12 - c. What are the prime factors of l?
2
What are the prime factors of ((-5)/3)/((-390)/65 + 141079/23514)?
2, 3919
Let t(b) = -5*b - 76. Let p be t(-16). Suppose -4*w = p*i - 3092, 2*w - 7*w - 2*i + 3874 = 0. List the prime factors of w.
2, 97
List the prime factors of (-2 - (-12)/8)*95020/((-10)/2).
2, 4751
Let o(i) = 20*i - 40. Let j be o(-4). What are the prime factors of (j - 1)/((-6)/30)?
5, 11
Let g be -1*1*(28 - 95). Suppose -3*t - 328 = 2*s - 7*s, g = s - 2*t. Let b = 148 - s. What are the prime factors of b?
83
Let r(t) be the first derivative of -625*t**4/4 - t**3/3 + t**2/2 + t - 88. What are the prime factors of r(-1)?
2, 3, 13
Let v(c) = -c**2 + 4*c - 2. Let i = 10 - 6. Let w be v(i). List the prime factors of ((-16)/6)/(w/51).
2, 17
Let p(a) = -236*a - 28. Suppose -3*g + z = 6*z + 27, -3*z = 3*g + 21. Let m be p(g). List the prime factors of ((-29)/(-58))/(2 + (-1830)/m).
229
Suppose 0 = b - 4*x - 34 - 6, 3*x + 9 = 0. Suppose -b*o + 25*o = -96. Suppose -g + 72 = -o. List the prime factors of g.
2, 13
Suppose -4*t + 108 = -3*h, 3*t - 68 = 3*h - 4*h. Let d(m) = m**3 - 25*m**2 + 33*m - 16. List the prime factors of d(t).
2, 5
Suppose -629*p + 338*p + 310*p - 427462 = 0. What are the prime factors of p?
2, 7, 1607
Suppose -25 = -5*q + 8*t - 3*t, -17 = -4*q + 3*t. Suppose 2*u - 463 = p, 3*u + q*p - 3*p = 694. What are the prime factors of u?
3, 7, 11
Suppose -11 = 3*b - 17. Let y be ((-4)/(-8) + 0)/(b/4). What are the prime factors of 11*(y - 6)*8/(-10)?
2, 11
Let m(y) = 8*y**2 + 10*y - 13. Let r be m(6). Let z = 733 - r. What are the prime factors of z?
2, 199
Let v be (-3)/2 + 99/22. Let c(q) = -7*q + 3*q - 1 + 2*q - v. What are the prime factors of c(-12)?
2, 5
Let u = 38 - 49. Let g(y) = -y**2 - 2*y + 103. Let j(f) = -3*f**2 - 5*f + 308. Let i(d) = u*g(d) + 4*j(d). List the prime factors of i(0).
3, 11
Suppose 0 = -48*r + 470300 + 423028. List the prime factors of r.
37, 503
Let a = 375 + -375. Suppose -18*k - 29*k + 8225 = a. List the prime factors of k.
5, 7
Suppose 512088 = -17*u + 41*u. List the prime factors of u.
19, 1123
Suppose 7*m - 1694985 = -78*m. List the prime factors of m.
3, 17, 23
List the prime factors of ((-76)/10)/((-3)/870).
2, 19, 29
Let w(h) = 211*h**3 - 1. Suppose z = -5, -4*a + 14 = 4*z - 6*z. What are the prime factors of w(a)?
2, 3, 5, 7
Let s be 36 + (-2 - -1)/(-1). Let a = s + -38. Let q(t) = 130*t**2 - 3*t - 2. What are the prime factors of q(a)?
131
Suppose -21*o + 560 = -1897. Suppose v + 0 = 2. Suppose v*s - o + 29 = 0. List the prime factors of s.
2, 11
Let a be ((-1190)/68)/((-1)/(-2)). Let t(r) = 2*r**2 + 25*r - 208. List the prime factors of t(a).
1367
Suppose 5*a = -3*z + 151, -2*a + 22 + 29 = z. Let o be -14*1/(-4)*2. Let m = z + o. What are the prime factors of m?
2, 3
Let y(d) = 522*d**3 + 40*d**2 - 128*d - 4. List the prime factors of y(3).
2, 13, 541
Let g(h) = -6*h + 51. Let m be g(8). Let u be 8025/50*(-2)/9*m. Let d = u + 351. What are the prime factors of d?
2, 61
Suppose 4*k - 360 = -304. List the prime factors of 9208/k + (80/35)/8.
2, 7, 47
Suppose 273874 = 4*b - 5*y, 108*b - 110*b + 5*y + 136922 = 0. List the prime factors of b.
2, 17, 19, 53
Let o be (12/(-10))/(((-6)/(-45))/1). Let k(c) = c**3 + 18*c**2 - 5*c - 30. List the prime factors of k(o).
2, 3, 31
Let f(r) = -3*r + 11. Let b be 27/(-6)*3*(-3 + 1). Let i = -36 + b. What are the prime factors of f(i)?
2, 19
What are the prime factors of 16605/(((-572)/36)/(-13) - (-6)/(-27))?
3, 5, 41
Let j(v) be the second derivative of v**4/6 - 3*v**2/2 - 10*v + 1. List the prime factors of j(11).
239
Let y = 3400 - 1576. List the prime factors of y.
2, 3, 19
Let l be (160/(-7 + -3))/((-2)/210). What are the prime factors of l + (9 - 10)/((-1)/2)?
2, 29
Let y(i) = -69*i - 3. Suppose -15 + 27 = 4*f. Suppose 9 = -f*g + 3, -1 = 5*x - 2*g. List the prime factors of y(x).
2, 3, 11
Suppose -2*w - 461 = -459, -4*v - 3*w = -11413. List the prime factors of v.
2, 1427
Let f = 2205 - -2004. List the prime factors of f.
3, 23, 61
Suppose -26*s + 66*s - 1181507 - 1327573 = 0. What are the prime factors of s?
3, 7, 29, 103
Suppose 6*i - 365 = -5*w + 2*i, 0 = -4*w + 5*i + 251. Let z = w + -66. Suppose 0 = z*q - 226 - 185. List the prime factors of q.
137
Let h = 79 - 75. What are the prime factors of ((102/(-4) - h) + 1)*-10?
3, 5, 19
Let a(o) = 17*o - 65. Let c be a(13). Let s = 248 - c. What are the prime factors of 6/8 + 12995/s?
2, 71
Suppose -142 = 6*i - 106. Let k(h) = 38*h**2 + 6*h - 7. List the prime factors of k(i).
5, 53
Suppose -43 = -4*o - 7. Let s be 64/60*o*5. Let p = s - -4. List the prime factors of p.
2, 13
Let c(h) = -552*h + 7. Let f(u) = 277*u - 3. Let q(i) = 3*c(i) + 5*f(i). List the prime factors of q(-2).
2, 137
Let m = -689 + 683. What are the prime factors of (m + 20/4)/((-3)/921)?
307
Let h = 10 + -1. Let u(l) = 15*l**2 - 8*l**2 + 20*l + 13 - h*l - 6*l**2. List the prime factors of u(-12).
5
Suppose -32497*q + 32493*q = -175260. List the prime factors of q.
3, 5, 23, 127
Let k(z) = -45*z**3 + 7*z**2 + z + 9. Let w(n) = -269*n**3 + 43*n**2 + 5*n + 56. Let p(x) = 13*k(x) - 2*w(x). List the prime factors of p(-2).
5, 79
Let d(n) = n**3 - 26*n**2 + 33*n + 6. Let r be d(22). Let l = 1810 + r. What are the prime factors of l?
2, 3, 101
Let z(f) = -27*f - 46. Let q be z(-2). Suppose q*g - 2534 - 170 = 0. List the prime factors of g.
2, 13
Let j(w) = 5*w - 12*w**2 + 11*w**2 - 27 - 8*w. Let z be j(0). What are the prime factors of (-24)/(-28)*(1 - z)?
2, 3
Suppose 0 = 37*p + 7 - 81. Suppose 4*d + 12 = p*z, 40*d - 39*d = 3*z - 43. What are the prime factors of z?
2
Let u = -75 + 78. Suppose -5*d + 4*a = 5*a - 15, -4*a = -d + u. List the prime factors of d*((-2)/6 - -1).
2
Let z(w) = w**2 - 14*w + 4. Let f be z(14). Suppose 5*q + 0*q = 3*k - 